ate the highest common factor of d and l.
23
Let o be 2/(-13) + (-148)/52. Let b be (o + (0 - -8))*1. What is the highest common divisor of 5 and b?
5
Let l be (-204)/(-12) + (6 - -7398). Calculate the greatest common divisor of l and 905.
181
Suppose 11*s + 531 = 20*s. Suppose -16*n + 15 = -7*n - 3. Calculate the greatest common divisor of s and n.
1
Suppose 251*p = 249*p + 2*b + 192, 4*p + b - 384 = 0. What is the greatest common divisor of 12 and p?
12
Let q = 281 + -271. Let s be 2 + -3 - -29 - 4. Suppose -6 = -c + s. What is the greatest common factor of q and c?
10
Suppose -2*b - 23*o = -25*o - 1594, -4*o = -2*b + 1580. Calculate the greatest common factor of b and 144.
12
Let b(x) = 70*x - 1102. Let s be b(16). Calculate the greatest common factor of 369 and s.
9
Let z(j) = -29*j + 19. Let a = 7 + -9. Let h be z(a). What is the greatest common factor of 14 and h?
7
Suppose 16 - 10 = -2*j. Let s be (j - -3) + 1 + 72 + -3. Let l be (24/(-20))/((-1)/s). Calculate the highest common divisor of l and 24.
12
Let m(q) = -q**2 + 26*q - 24. Let j be m(25). Let s be (j/2 - 1)*(-58)/1. What is the highest common factor of 203 and s?
29
Let z be ((-2 - -353) + -1)*1. Suppose -5*i - z = -0*i. Let r = 83 + i. Calculate the greatest common divisor of 104 and r.
13
Let v(t) = -84*t - 336. Let r(n) = n**2 + 3*n - 9. Let u be r(-4). Let a be v(u). What is the greatest common divisor of a and 112?
28
Let t = 67 - 61. Suppose -8*p - 8 = 152. Let a = p + 23. Calculate the highest common divisor of a and t.
3
Let v(o) = -2*o**3 - 12*o**2 - 3*o + 20. Let h be v(-6). Suppose -2*c - 3*p = p - 52, 0 = 3*c - 2*p - h. Calculate the highest common divisor of 6 and c.
2
Let l be (512/(-640))/((-1*2)/450). What is the greatest common factor of 990 and l?
90
Suppose -43*o + 19180 = -39*o - 8892. What is the highest common divisor of o and 242?
242
Let f be (-50 + 7)*(9/3 + 8/(-2)). What is the highest common factor of f and 45365?
43
Let q be 15*(-3 + (-20)/6). Let c be (-500)/(-14) - (q/(-35) + -3). What is the greatest common divisor of c and 24?
12
Suppose -3*h + 5*h + 4*w - 504 = 0, 5*h = -5*w + 1260. Calculate the greatest common divisor of 392 and h.
28
Let p(q) = q**3 + 12*q**2 + 18*q - 20. Let n be p(-10). Suppose -s + 4*s + 6*g - 33 = n, 47 = 3*s - g. What is the greatest common divisor of s and 155?
5
Let k(r) = r**2 + r - 19. Let l be k(0). Let g be 20*l + 32/(-16). Let d = g + 599. Calculate the greatest common factor of d and 31.
31
Let s(q) = q**2 - 6. Suppose 69 = 2*c + 57. Let j be s(c). Suppose 0 = -8*k + j + 114. Calculate the greatest common factor of k and 18.
18
Let t be 1/(-2)*(-29 + 21). Suppose 5 = -q, -t*q = 13*g - 14*g + 38. Calculate the highest common factor of g and 504.
18
Let v(m) = -m**3 + m**2 - m + 32. Let w be v(0). Suppose 196*h - 194*h = w. Calculate the greatest common divisor of h and 20.
4
Let i = 4700 + -4648. Let w be 0 + 156 + 0 + 0. Calculate the greatest common factor of w and i.
52
Suppose -24*a + 28*a = 8. Suppose 4*u = -5*q + 464, -2*q + a*u = q - 296. Calculate the highest common divisor of 18 and q.
6
Suppose 0*u = u - 100. Suppose 40 = i - 5*h, 591*i - 595*i - 2*h + 160 = 0. Calculate the greatest common divisor of u and i.
20
Let t = -14 + 8021. Calculate the highest common factor of 68 and t.
17
Let k(c) = -c**3 - 2*c**2 + c + 32. Let l be 1 + 0 - (3 + -8 + 6). Let d be k(l). Calculate the highest common factor of d and 416.
32
Let n(v) = 534*v**2 + 29*v - 1. Let i be n(-1). Calculate the highest common divisor of i and 2688.
168
Let v be (92/48 + (-4)/6)/(18/14616). What is the highest common divisor of v and 175?
35
Let b(d) = -85*d + 139. Let i be b(1). Calculate the greatest common divisor of 432 and i.
54
Let v be -3*3 - (-48 - (-2 - -18)). Calculate the greatest common factor of v and 891.
11
Let i be -2*(-11)/8 - (-45)/(-60). Suppose 0 = -2*y + 5*y - 6, i*z = 5*y. Calculate the greatest common factor of 9 and z.
1
Let d(m) = -2*m**2 - 122*m - 464. Let n be d(-54). What is the highest common divisor of n and 949?
73
Let a(k) = -k**2 + 10*k - 17. Let f be a(6). Suppose s + 32 = f. Let p = 1 - s. Calculate the greatest common factor of 13 and p.
13
Let y(v) = v**3 - 44*v**2 - 141*v + 34. Let i be y(47). Let x be i + -2 - -2*6/12. What is the highest common divisor of x and 11?
11
Let a be (-170)/(-17)*(-6)/(-3). Calculate the greatest common factor of 930 and a.
10
Suppose 81*y = 85*y - 56. Let o be 2/(y/3 - 4). Suppose l = 3*k - 22, -o*k + 1 = 4*l - 1. What is the highest common factor of 24 and k?
6
Let f(d) = 17*d**2 - 2*d**2 - 37*d - 11*d**2 + d**3 - 63 + 30*d**2. Let s be f(-35). Calculate the greatest common divisor of 4 and s.
1
Let z(v) = v**3 - 13*v**2 - 30*v + 18. Let d be z(15). Suppose 46*r - 50*r = -324. What is the highest common factor of d and r?
9
Let s(b) = b**3 + 37*b**2 - 113*b + 304. Let v be s(-40). Calculate the highest common divisor of 5040 and v.
24
Let u be 4*((-15)/20)/(-1). Suppose -3*q - 4 = -2*z, 2 = -z - u*q - 5. Let a be 62 + 2*z/1. What is the greatest common factor of a and 24?
12
Suppose -3*r + 3*o + 71 = -r, -5*o - 65 = -2*r. Suppose -2*q - 2*a = -5*q + r, 68 = 5*q - 3*a. Calculate the greatest common divisor of q and 48.
16
Let r(z) = 5*z**2 + 3*z. Let a be r(3). Let t(d) = d**3 - 21*d**2 - 74*d + 7. Let p be t(24). Let q = p + a. Calculate the greatest common factor of q and 104.
13
Let w be ((-6)/4)/((-1)/28). Let p be (16/(224/49))/((-1)/(-6)). What is the highest common divisor of w and p?
21
Suppose 4*z + z = 80. Let p(k) = 2*k**2 - 1618*k - 3243. Let i be p(-2). Calculate the highest common factor of z and i.
1
Suppose -3*f = -3*w + 18, -w - 11*f - 22 = -16*f. Let u = 1019 - 720. Calculate the highest common divisor of u and w.
13
Let q be 4/30 - ((-14729)/(-165))/(-13). Let j be q/((-14)/(-104)) - 4. Calculate the greatest common divisor of 108 and j.
12
Suppose 30 - 24 = -3*d. Let a be ((-7)/d)/(2/(-24)). Let i = a + 64. What is the highest common factor of i and 121?
11
Suppose -119 = y + 165. Let f = 288 + y. What is the greatest common factor of 68 and f?
4
Let i(t) = 41*t - 21. Let r be i(6). Suppose 16 - 14 = v, 5*v = 5*l - 365. What is the highest common divisor of l and r?
75
Suppose 0*a = 13*a + 39. Let m be ((-4807)/(-38))/(a/(-6)). What is the highest common factor of m and 46?
23
Suppose 24*k + 106 = 1114. Calculate the highest common factor of k and 546.
42
Suppose z + 17322 = 19203. Calculate the greatest common divisor of 198 and z.
99
Let n(q) = q**3 - 10*q**2 + 26*q - 383. Let u be n(11). Calculate the greatest common divisor of u and 636.
12
Suppose -52031*z = -52029*z - 1136. Calculate the highest common factor of 12780 and z.
284
Let u = -152 - -262. Let r be (-4 - (-346)/3) + (-4)/(-6). Let p = r + -90. What is the greatest common divisor of p and u?
22
Suppose 28*s + 40 = 33*s. Let b(l) = 134*l - 6. Let v be b(1). Calculate the greatest common divisor of v and s.
8
Let j be (9 + -4)*(4 + 1). What is the greatest common factor of j and 20?
5
Let h be 30/4 - (-1)/(-2). Suppose -8*v + 15*v - 987 = 0. Let l be 10/(-25) + -12*v/(-30). Calculate the highest common divisor of h and l.
7
Suppose 189*j + 190*j + 71540 = 428*j. What is the highest common divisor of 803 and j?
73
Let v = 90 + -29. Let a = -707 + 718. Let b = v - a. Calculate the greatest common divisor of 20 and b.
10
Let y = 92 - 37. Suppose -256 = -45*k + 44*k. Suppose -k*l + 252*l + 20 = 0. What is the highest common factor of l and y?
5
Suppose -862*r - 239816 = -520*r - 1110*r - 1166*r. Suppose h = 2*h - 31. Let u be h*2*1/2. Calculate the highest common factor of u and r.
31
Let f be (3/1)/(-1) - (0 + 38). Let a be 5*(105/175 - (f + 0)). Calculate the highest common factor of a and 52.
52
Suppose -3*u - 24*u = -10584. Let a = u + -329. Suppose -13 = -2*b + 1. Calculate the greatest common divisor of b and a.
7
Let d be -32 + 43 - 1*-11. Suppose -v - 2 = -4*v - 4*j, -j = -2*v + 16. Suppose 2*m - v = -m. What is the highest common factor of d and m?
2
Let g(j) = -4*j - 7. Let s(a) = 2*a - 12. Let l be s(-1). Let i be g(l). What is the greatest common factor of i and 196?
49
Let v be (0/5)/(-1) - (-1 - 2). Suppose 5*b + 2290 = v*l, 0*l + 4*b - 786 = -l. Calculate the highest common 